6.
4
Calculate 5 - (3 - (-4 + 2 + -124 - (83 + -77))).
-130
-8 + 6 + ((-4 - -11) + -3 - 53)
-51
What is (63 - 3) + -1 - (-3 + -8 + 24)?
46
12 - (40 - 21 - (0 + -1 - 16))
-24
What is the value of 33 + 38 + (-97 - -38) - (1 - -76)?
-65
Calculate -10 + 57 + 30 + -37.
40
What is -7 + 116 + -27 + -55?
27
What is -4468 + 4610 + (-38 - 4)?
100
-71 + 76 + (-125 - -221)
101
Calculate (1448 - 1454) + (1 - (2 + -36)) + 9 + 0.
38
What is the value of -43 + -15 + (10 - (-15 + (17 - 0)))?
-50
7 + -8 + 6 - (22 - 19)
2
What is 4 + -20 + 8 - (81 + -120)?
31
What is the value of (-35 - -1) + (4 - (5 - 2)) + (-16976 - -16977)?
-32
What is -84 + 80 + (-11 - (-2 + 8 - 14))?
-7
What is 0 + 7 + -66 + 20 + (-8 - -24)?
-23
-28 + -7 - (265 - 267)
-33
What is the value of (1 + 1 - (2 - 1) - (861 - 738)) + -1?
-123
-1 - (-1 - 29 - (-106 + 38 + 53))
14
What is the value of (-28 - (41 - 93)) + -3 + (-2 - -27)?
46
Evaluate 8 - (57 - (41 + (40 - 67) + (-12 - 0))).
-47
What is 51 - -19 - (-16 - -44) - (16 - 3)?
29
(7 + -35 - (156 - 193)) + 0 + -13 - 103
-107
Calculate (120 + -101 - 54) + (2 - 13).
-46
7 - (-6 + 12 + -1)
2
2 + 1 - (-60 + -9) - (-103 - -111)
64
Calculate -24 + 7 + (20 - (52 - 12) - -172).
135
What is the value of (-238 + (158 - -148) - (0 + -1 + -10)) + -3?
76
What is 116 - (93 + -19) - -25?
67
Evaluate -4 + 21 + -6 + 1 + -35.
-23
49 + (-12 - ((-15 - -22) + (-40 - -2)))
68
Calculate -3 - -8 - (-62 - (-11 + 2 - (-29 - -26))).
61
What is the value of (18 - -46) + -22 - (-58 - -36)?
64
-74 - (-6 + 0 + (1 - (3 + -1)) + -3)
-64
What is 7 + 10 + -2 + -28 - 4?
-17
Evaluate 7 + 12 + -9 + (-37 - 1).
-28
Evaluate 40 + -11 + -33 + (-4 - (2 + -13)).
3
Evaluate 0 - 46 - (-2302 - -2282).
-26
Calculate -4 - 0 - ((452 + -468 - (1 + -12)) + 6).
-5
What is (-21 - -33) + -30 + 28 - (0 - (-47 - -1))?
-36
Calculate -64 + (-1 + -1 - -3) + -108750 + 108759.
-54
What is (2 - -65) + 43 + 116 + -157?
69
What is -8 + 3 + 11 + 6 + -6 - (4 - -11)?
-9
What is 1 + -33 + 66 + 42?
76
What is (4 + 7 + -8 + 12 - -37) + -7?
45
Evaluate (2 - (25 - (23 - -115))) + -34.
81
-74 + 68 - (3 + 1) - (90 - 30)
-70
-1 + -70 - (-952 - -897)
-16
What is the value of 15 - (7 - (19 + -6)) - (-18 - (-6 + -3))?
30
What is the value of -261 + 273 - (43 + -1 + 3 - -3)?
-36
What is the value of (16 - -1) + (-76 - 6 - (140 + -69))?
-136
What is (56 - -1) + 33 + (-24 - (14 - -3))?
49
Calculate -1591 + 1533 - (4 - 2 - 2) - 11.
-69
Calculate 8 + 28 + -46 + -26 + 97.
61
-231 + 142 - (-55 - -3)
-37
Evaluate (2114 - 2103) + (0 - (-1 + -1)) + 50.
63
(5 - 92) + 127 + (-1 - -1 - 7)
33
Calculate (18 - -8) + (-5 - -1 - (-8 - -7)).
23
What is the value of -240 + 138 + 110 + -109?
-101
Evaluate (522 - 500) + (16 - -6).
44
What is the value of (-4 - -23) + (-2 - (-2 + -7 + (2 - 7)))?
31
Evaluate 102 + (-31 - 50) - (-2 + 75).
-52
What is the value of -79 - (-4 + (4 - -14) - 15) - -16?
-62
What is (23 - 51 - -17) + 47 + 11?
47
Calculate (-21 - -25) + -5 + 14 + -6 + -1 - 58.
-52
What is the value of 10 + -16 + 10 + -40 - (9 - 26)?
-19
Evaluate -1 - -8 - (21 + (8 + (-20 - -3) - 6)).
1
What is the value of 14 + 6 + 5 + (112 + -15 - -10) - 9?
123
Evaluate (-26 - (3 + -30)) + 12 - -1.
14
Calculate -22 + 1 + -454 + 383.
-92
Evaluate 132 - (-22 - ((-19 - (21 + -43)) + -16)).
141
What is the value of (-15 - 48) + -75 - -115?
-23
Evaluate 1 + 11 + 0 - (-20 + (38 + -76 - -14)).
56
What is 0 - (-2 + -2) - (-26 + (24 - -42 - 37))?
1
Evaluate -2 - (-70 - (-72 + -81)).
-85
What is the value of -3 + 11 + (0 - -4) + -30 - (-3 + 5)?
-20
Evaluate (32 - 101) + (3 - (-46 - -23)).
-43
Evaluate 28 + -46 + 11 + 41.
34
Evaluate (4 + 2 - 7) + 61 + -75 + 71.
56
What is the value of (7 + -10 - (-11 + 4)) + -9 + (-2 - -10)?
3
(0 + 4 - 0 - 11) + -5 + (-19 - -93)
62
-6 + 15 + -1 + -3 + -8 + 93 + -18
72
Calculate (7 - (-8 - (10 - 12))) + 8 + 9.
30
Calculate -13 - -116 - (6 - -156).
-59
What is the value of (-16 + -17 - -17 - (-8 + -3)) + -63?
-68
What is (9 - (14 - ((13 - -7) + -9))) + 0?
6
Calculate -3 + -3 + 9 + -2 + 5 + 9.
15
86 + (51 - 120) + 40
57
Calculate 15 - 85 - (129 + -202).
3
-19 + 22 + -57 + 7 + 7
-40
What is the value of (-83 - -37) + 19 - -40?
13
-159 - (105 - 410) - 13
133
Evaluate -42 + -1 - (-28 + -56).
41
-7 - ((5 - 3 - 4) + (79 - 82))
-2
What is (-28 - -8 - 122) + -105 + 130?
-117
Evaluate (154 - (99 - -62)) + (2 - 66).
-71
What is the value of -67 + (20 - 0 - (-2627 - -2652))?
-72
Evaluate -9 + 26 + -18 + 65 + -37.
27
Calculate -98 + 122 + -46 - -41.
19
What is (-76 - -5) + (40 - 18)?
-49
Evaluate -40 + -51 + 36 + 40.
-15
Evaluate 42 - -1 - (61 + -65 + 38 + -40).
49
What is (-123 - -122) + (1 - -80) - 25?
55
What is the value of (-13 - -4 - -10) + (-7 - -17)?
11
9 - (9 + (16 - 28) + 77 + 2 + -15)
-52
What is the value of (-114 - (-148 + 74)) + (184 - 0)?
144
383 + -391 + (-5 - 1)
-14
47 + 20 + -50 + -46
-29
What is the value of -99 - -90 - 54 - 4?
-67
What is (159 + -61 - -28) + -108?
18
Calculate (-17 - (16 - 12 - 13)) + 17 - 61.
-52
(-11 + -15 - (9 - 23)) + (0 - -1)
-11
What is (-13 - 2) + (-12 - -16) + -15?
-26
-62 - -35 - -23 - -37
33
(3393 - 3360) + (-1 - 29)
3
What is (1 - 8) + -182 + 276?
87
(-107 - -94) + (-12 - -6) + 66
47
Calculate 4 + 127 - (588 - 497).
40
What is the value of -23 + -2 + -9 + 7 + -7 + 1?
-33
What is the value of 3 + (-2 - -23) + -385 + 390 + 7?
36
Calculate 40 + -47 - (6 - 5) - (-2 - 16).
10
What is (10 - 15 - -3) + (-14 - -3 - 57)?
-70
Evaluate 46 - (-30 - 44 - -40).
80
What is the value of (23 - 11 - 16 - 18) + -24?
-46
Calculate (-70 - (0 + 5 - 17)) + 29.
-29
Evaluate 4 - -34 - 92 - -4.
-50
What is the value of 14 - (4 + -14 + (-9 - -9) + 6 + -2)?
20
What is (40 + 1 - 13) + 6 - -50?
84
What is the value of 27 + (-8 - 54) - -32?
-3
Evaluate (3 - ((4 - 0) + (-16 - -24) + 2)) + 5.
-6
What is -6 + (-5 - ((-12 - 2) + (-24 - -86)))?
-59
What is the value of (27 + (25 - 122) - -29) + (0 - -16)?
-25
What is the value of -24 - 0 - (-1122 - -1100 - (-4 + -1))?
-7
22 - 51 - (-33 + 0 - -19)
-15
What is the value of -85 - ((-14 - 19) + 1 - 4)?
-49
Evaluate -14 - (-2 + 5) - (-35 - (-3 - 8)).
7
Calculate (15 - ((2 - 4) + 7 - 5)) + (-7 - 0).
8
Calculate -25 - (-27 + 49) - -111.
64
8 - 0 - (-10 + 13) - (-7 + 11 + 10)
-9
Calculate 49 + -2 + 198 + -106 + -210.
-71
What is the value of 53 - (56 + -74 - -52)?
19
Calculate 0 - ((-2 - (3 - -58)) + (-4 - (-5 - 2))).
60
What is the value of -56 + 43 + -5 + -2 + 21 + 0?
1
Evaluate -2 + -5 + 10 + -37 - -12.
-22
What is 16 + (-11 - 19) + 43?
29
What is -10 + 0 + 15 + -21?
-16
-35 + 2 - (-71 + 152 + -98 - (-1 - 22))
-39
Evaluate 64 - 1 - (-502 - -550).
15
What is the value of -22 + (11 + -14 - -17)?
-8
Calculate (59 - (37 + -11)) + 5 - (-6 + 4).
40
Evaluate 78 - 55 - -9 - 88.
-56
What is 0 + -6 - ((12 - 48 - -11) + -24 + -3)?
46
Calculate -4 + -110 + 52 + -7.
-69
Calculate -8215 + 8243 - (4 - 3 - -110).
-83
What is the value of 139 + -134 - (-16 + 0)?
21
Calculate (-12 + 13 - 9) + -4 + -9.
-21
(-3 - (0 - -22)) + (2 - (-3 + 4))
-24
What is (42 - (-6 - (-1 - 12))) + -157 + 171?
49
(58 - (-165 + 207)) + (3 - -124)
143
What is the value of 39 - (-63 - -122 - 14)?
-6
Evaluate (0 - 0) + (-80 - 40 - -76).
-44
Calculate (-18 - -32) + 7 + -13 + 17.
25
(-12 - 1) + (-50 - -72 - (-4 + 9 - -16))
-12
Calculate (40 - -28) + -71 - -27.
24
19 + 28 - ((7 - 4) + -16 + 16 + -1)
45
Evaluate 14 + (-5 + -33 - -32).
8
What is 7 - (3 - (-3 + 3)) - (175 - 204 - -166)?
-133
0 - -1 - (81 - -10 - (-59 + 29))
-120
What is the value of 4290 + -4206 - (177 + -1)?
-92
Calculate -117 + -111 + -3 + 175.
-56
Calculate 1 + (-15 - 15) + 19 + (-2 - -49).
37
Calculate -55 + -109 + (104 - 23).
-83
What is the value of -60 - -36 - -51 - 69?
-42
Evaluate -23 + 12 + -71 + (-6 - -28).
-60
What is -5 - 1 - (-14 + (-6 + 13 - -4)) - 68?
-71
What is 1 - -4 - ((-1 - -2) + -124 + 46 - -24)?
58
What is (-48 - -108) + -169 + 25?
-84
(-31 - -32) + -8 + -8 + -4
-19
What is -7 - (-21 - (-32 - (15 + -16)))?
-17
(-98 - -93) + (-9 - (-126 + 3 - 1))
110
0 + (-35 - -43 - -12 - (-4 - -1))
23
-15 + (-13 - -10) + (26 + -60 - 29)
-81
Calculate -26 - (-31 - (39 - 131)).
-87
Calculate -27 + 46 + (-128 - -187).
78
What is the value of 1 + 35 - (20 - (40 - -21 - 61))?
16
Evaluate 18 + 9 + -10 - (-20 + 6 + -36).
67
What is 35 - (29 + 21) - (-49 + -1)?
35